 4*w. What are the prime factors of s?
5
Suppose 1829 + 2383 = 18*t. List the prime factors of t.
2, 3, 13
Let j be -17*(1 - 3)/2. Suppose 3 = 4*x - j. What are the prime factors of x?
5
Let d(m) = 3*m**3 - m**2 + m - 2. Let o(y) = -y**2 + 3*y + 6. Let g be o(4). List the prime factors of d(g).
2, 5
Suppose -27 = -t + 48. What are the prime factors of t?
3, 5
Let i(m) = -1. Let j(d) be the third derivative of -d**4/24 - d**3 + 2*d**2. Let a(b) = 2*i(b) + j(b). What are the prime factors of a(-10)?
2
Let y(k) be the third derivative of -k**5/60 + 5*k**4/24 - k**3/2 - 4*k**2. Let r be y(4). List the prime factors of ((-21)/9)/(r/(-3)).
7
Let c = -195 - -335. What are the prime factors of c/18 + (-10)/(-45)?
2
What are the prime factors of -6*(-2 + 3/2)?
3
Suppose j = -0*a - 5*a + 21, 0 = -4*j + 5*a + 109. What are the prime factors of j?
2, 13
Suppose 5*g - 8 = u, -2*u + 4*g - 47 = -7*u. Suppose -4*j - 54 = -u*j. List the prime factors of j.
2, 3
Suppose 0*k + k + 372 = 5*v, 3*k - 142 = -2*v. Suppose -3*i + 25 = 3*a - 29, -3*i + a = -v. What are the prime factors of i?
23
Let i(t) = -t + 16. List the prime factors of i(0).
2
Suppose 5*d = 8 + 2. Let a be 0 + 1 + 42/d. What are the prime factors of -5*(a/(-10) - -1)?
2, 3
Let z be 2*9 + (2 - 1). Suppose 5*v + z = -6. Let u(o) = -o**2 - 5*o + 4. List the prime factors of u(v).
2
Suppose 0 = -4*q + 21 - 5. Suppose q*o + 2 = -50. Let l = -2 - o. What are the prime factors of l?
11
Suppose -4*j - 6 = -54. List the prime factors of j.
2, 3
Let b be 2/5 + 37/(-5). Let d be (-6)/(-21) + 32/(-14). Let l = d - b. What are the prime factors of l?
5
Suppose -5*o + 30 = 5. Suppose -4*u = -o*u. Suppose u = 5*c - 86 + 36. List the prime factors of c.
2, 5
Let p(l) = l**2 + l + 3. Let i be p(0). List the prime factors of 2*(-15)/(-18)*i.
5
Suppose -12 + 0 = -4*y. Suppose 2*b + y*b = 5*j - 5, -5*b + 16 = 2*j. List the prime factors of j.
3
Let q be 2 - 5/((-15)/6). What are the prime factors of 30/4*q/6?
5
Let k = 35 + -23. List the prime factors of k.
2, 3
Let o be 4/3*(-174)/(-4). Let m = 93 - o. List the prime factors of m.
5, 7
Suppose 2*n = -5*n + 3010. List the prime factors of n.
2, 5, 43
Let r(m) = -m**3 - 3*m**2 - 5*m. List the prime factors of r(-4).
2, 3
Suppose -2*d + 7*d = -55. Let f = d + 31. What are the prime factors of f?
2, 5
Suppose 0 = -6*l + 5*l + 39. List the prime factors of l.
3, 13
Suppose 132 = 3*i - 120. List the prime factors of i.
2, 3, 7
Suppose -8 + 32 = 3*h. Let k = h + -5. Suppose -4*w - 10 = l, -4*w - 9 = k*l + w. List the prime factors of l.
2
Suppose 3*i - 89 = -2*v, -55 = -v + 5*i + 9. List the prime factors of v.
7
Suppose 2*h + 2 = 12. Suppose -p = -3*i + 2*i - h, 5*i - 15 = 0. List the prime factors of p.
2
Let h(i) = i**3 + 21*i**2 + 15*i - 14. What are the prime factors of h(-20)?
2, 43
Suppose g - 8*g = -413. What are the prime factors of g?
59
Let k(r) = 7*r. Suppose 0 = 4*g + 5*d + 5 + 3, 0 = -g - d - 3. Let o(s) = s**3 + 8*s**2 + 8*s + 8. Let n be o(g). What are the prime factors of k(n)?
7
Let c(k) = -7*k**3 + 7*k**2 + 10*k + 4. What are the prime factors of c(-3)?
2, 113
Suppose -12 = -g + 2*f + 9, 4*f + 104 = 4*g. What are the prime factors of g?
31
Let m be 42/15 - 1/(-5). Let d = -1 + m. Let s = d + 0. What are the prime factors of s?
2
Suppose 0*h = h - 6. Let x = 14 - h. What are the prime factors of x?
2
Let s(k) = -k**3 - 3*k**2 + 2*k + 8. What are the prime factors of s(-4)?
2
Suppose -2*r = -60 - 2. Let v(d) = -20*d**3. Let b be v(1). Let a = r + b. What are the prime factors of a?
11
Let r = -163 - -298. What are the prime factors of r?
3, 5
Let a = -3 + 8. Let d = a + 4. Let j = 16 - d. List the prime factors of j.
7
Let y = 141 + -16. List the prime factors of y.
5
Suppose -5*i + 17 + 18 = 0. Let c(x) = -3*x**2 - 11*x + 9. Let z(h) = -4*h**2 - 12*h + 9. Let s(j) = 5*c(j) - 4*z(j). List the prime factors of s(i).
3
Let s(y) = -y**2 - 5*y - 2. Let j be s(-4). Let u = -16 + 34. Suppose -u + j = -4*i. What are the prime factors of i?
2
Let d = 132 - 88. List the prime factors of d.
2, 11
Let u be 8/(-5)*(7 - 2). List the prime factors of 48/18*(-54)/u.
2, 3
Let p(a) = a + 5. Let o be p(0). Suppose 5*d - 2*m = -59, 0*m = 5*d + o*m + 45. Let v = -8 - d. What are the prime factors of v?
3
Let w = -2 + 4. Suppose 2*s - w*q = -s + 39, -q = -3. List the prime factors of 6/s + (-106)/(-10).
11
Let n = -143 + 235. What are the prime factors of n?
2, 23
List the prime factors of ((-8)/6)/(7/(-42)).
2
Suppose 0 = 2*v + 1 - 9. Suppose v = f - 5*i - 4, -i = -f + 12. Suppose -a = -f - 0. List the prime factors of a.
13
Let v = 16 + 25. What are the prime factors of v?
41
Let b = -3 + 6. Suppose b*f = -s + 5 + 8, -5*s = 3*f - 5. Suppose -2*n + 30 = 2*r + 2*r, 0 = f*n - r - 20. What are the prime factors of n?
5
Suppose g = -3*g. Let d(s) be the second derivative of s**3/6 + 7*s**2 - 4*s. List the prime factors of d(g).
2, 7
Let o(q) = q + 5. Let y be o(-4). Let a = 14 + y. Suppose 6*f + a = f, -24 = -5*l - 2*f. List the prime factors of l.
2, 3
Suppose 0 = 2*n + 4, -2*k - n - 1 = -3. Suppose -5*i = -l - 70, -k*i - 2*l + 40 = -0*l. What are the prime factors of i?
3, 5
Suppose -3*d - 3*n = 2*d - 74, -3*d = -4*n - 56. Let l = d - 8. What are the prime factors of l?
2
Let d = 15 - 9. Suppose s = 3 + d. List the prime factors of s.
3
Let m = -36 - -55. Suppose -m = -5*k + 121. What are the prime factors of k?
2, 7
List the prime factors of ((135/4)/(-5))/(21/(-588)).
3, 7
Let k = 53 - 20. List the prime factors of k.
3, 11
Suppose -l = v + l + 11, v + 3*l = -15. Let r(f) = 2*f**2 + 2*f - 1. List the prime factors of r(v).
11
Suppose 2*g - 7 = -3, -g = -2*k + 168. What are the prime factors of k?
5, 17
Suppose 2*w + 22 - 102 = -5*z, 5 = w. Suppose 2*d = -2 + z. What are the prime factors of d?
2, 3
Suppose -2*m - 8 = -4*m. Suppose -8 = m*l + 8. What are the prime factors of (l/10)/(6/(-60))?
2
What are the prime factors of 2 + 31 - 12/(-4)?
2, 3
Let n = 5 - -49. Suppose 18 + n = 3*m. List the prime factors of m.
2, 3
Let g(x) be the second derivative of -x**3/6 - 3*x**2/2 + 2*x. Let m be g(-5). What are the prime factors of 0 + m + 1*9?
11
List the prime factors of (-332)/(-14) + (-4)/(-14).
2, 3
Let h be 0/((2/1)/(-2)). Suppose 26 = 2*n - h*n + q, -39 = -3*n - 5*q. List the prime factors of n.
13
Let n(o) = o + 5. Let h be n(-5). Let t be h/((-3)/2*-2). Suppose -3*z + 8 + 7 = t. List the prime factors of z.
5
What are the prime factors of 248*(-3)/9*3/(-2)?
2, 31
Let z(u) = 16*u**2 - 14*u + 1. What are the prime factors of z(3)?
103
Suppose -3*l = l + 5*n + 4, 0 = -2*l + 5*n - 32. Let y(m) = -m**2 - 6*m + 3. Let p be y(l). List the prime factors of p/6 - (-21)/2.
11
Let d(a) = a**3 - 3*a**2 + 4*a - 3. List the prime factors of d(3).
3
Let v be (-1)/(-3)*(8 + 1). Suppose -r - 10 = -v*r. Suppose 4*p + 3*z = 7*p - 30, 0 = -r*p + z + 38. List the prime factors of p.
7
Suppose -2*y - 632 = -10*y. List the prime factors of y.
79
Suppose -3*w - 2*w = -30. Suppose 2*d - d = 2. Suppose -w = -b + d. List the prime factors of b.
2
List the prime factors of (-181)/(-6) - 2/12.
2, 3, 5
Suppose -5*g - 2*v - 19 = 0, -2*v + 0 = -6. Let b = 5 + g. Suppose -o = -b*o - 7. What are the prime factors of o?
7
Suppose -38*u + 250 = -33*u. What are the prime factors of u?
2, 5
Let o(h) = -h**2 - 11*h - 4. List the prime factors of o(-6).
2, 13
Suppose -3*i + 18 = 3, 4*z = 3*i - 7. Let v(l) = l + z*l - 2*l + 6. What are the prime factors of v(6)?
2, 3
Let y = -582 + 848. What are the prime factors of y?
2, 7, 19
What are the prime factors of -1 - -2 - (-9)/3?
2
Suppose -5*h + 44 = 14. Let c be 530/h - 2/(-3). Suppose -5*m + c = -1. List the prime factors of m.
2, 3
Suppose -2*w - 54 = -2*i, 3*w + w - 2*i = -118. Let q = 14 + w. What are the prime factors of 4/q - 29/(-9)?
3
Let u = -6 - -6. Suppose 4*b = 2*c - 20, -c + 3*b + 13 + u = 0. Suppose -4*n + 60 = c. What are the prime factors of n?
2, 7
Suppose 4*q + 0*q - 135 = 5*b, 5*q + 2*b - 177 = 0. What are the prime factors of q?
5, 7
Let y(t) = t**2 + 3*t - 3. Let r be y(-3). Let v = 14 - r. What are the prime factors of v?
17
List the prime factors of (-548)/(-11) - (-20)/110.
2, 5
Let x be 23 + -4 + (-2)/(-2). Let m = 4 - 2. Suppose -m*y + 0